{"id":1153,"date":"2025-01-13T14:32:16","date_gmt":"2025-01-13T14:32:16","guid":{"rendered":"https:\/\/funpro.agrif.bg.ac.rs\/?page_id=1153"},"modified":"2025-01-13T14:33:40","modified_gmt":"2025-01-13T14:33:40","slug":"funpro-project-featured-on-tv-in-the-program-scientific-compass-2-naucni-kompas-2","status":"publish","type":"page","link":"https:\/\/funpro.agrif.bg.ac.rs\/?page_id=1153","title":{"rendered":"FUNPRO Project Featured on TV in the Program Scientific Compass 2 (Nau\u010dni kompas 2)"},"content":{"rendered":"\n<hr class=\"wp-block-separator has-text-color has-background has-accent-background-color has-accent-color has-alpha-channel-opacity is-style-wide\"\/>\n\n\n\n<p>The FUNPRO project was highlighted in the educational-scientific program <strong>Scientific Compass 2<\/strong>, broadcast on the second channel of RTS. The project leader, <strong>Prof. Dr. Mirjana Pe\u0161i\u0107<\/strong>, provided an overview of the project&#8217;s goals and focus areas, while researchers <strong>Aleksandar Kosti\u0107<\/strong> and <strong>Sla\u0111ana Stanojevi\u0107<\/strong> demonstrated the experimental implementation of the project&#8217;s tasks.<\/p>\n\n\n\n<p>The full episode, titled <strong>&#8220;Natural Additives,&#8221;<\/strong> is available on the YouTube channel: <a href=\"https:\/\/www.youtube.com\/watch?v=wPOdi4AMAHw\" target=\"_blank\" rel=\"noreferrer noopener\">https:\/\/www.youtube.com\/watch?v=wPOdi4AMAHw<\/a><\/p>\n\n\n\n<div style=\"height:35px\" aria-hidden=\"true\" class=\"wp-block-spacer\"><\/div>\n","protected":false},"excerpt":{"rendered":"<p>The FUNPRO project was highlighted in the educational-scientific program Scientific Compass 2, broadcast on the second channel of RTS. The project leader, Prof. Dr. Mirjana Pe\u0161i\u0107, provided an overview of the project&#8217;s goals and focus areas, while researchers Aleksandar Kosti\u0107 and Sla\u0111ana Stanojevi\u0107 demonstrated the experimental implementation of the project&#8217;s [&hellip;]<\/p>\n","protected":false},"author":1,"featured_media":0,"parent":0,"menu_order":0,"comment_status":"closed","ping_status":"closed","template":"page-templates\/template-fullwidth.php","meta":{"_themeisle_gutenberg_block_has_review":false},"_links":{"self":[{"href":"https:\/\/funpro.agrif.bg.ac.rs\/index.php?rest_route=\/wp\/v2\/pages\/1153"}],"collection":[{"href":"https:\/\/funpro.agrif.bg.ac.rs\/index.php?rest_route=\/wp\/v2\/pages"}],"about":[{"href":"https:\/\/funpro.agrif.bg.ac.rs\/index.php?rest_route=\/wp\/v2\/types\/page"}],"author":[{"embeddable":true,"href":"https:\/\/funpro.agrif.bg.ac.rs\/index.php?rest_route=\/wp\/v2\/users\/1"}],"replies":[{"embeddable":true,"href":"https:\/\/funpro.agrif.bg.ac.rs\/index.php?rest_route=%2Fwp%2Fv2%2Fcomments&post=1153"}],"version-history":[{"count":3,"href":"https:\/\/funpro.agrif.bg.ac.rs\/index.php?rest_route=\/wp\/v2\/pages\/1153\/revisions"}],"predecessor-version":[{"id":1158,"href":"https:\/\/funpro.agrif.bg.ac.rs\/index.php?rest_route=\/wp\/v2\/pages\/1153\/revisions\/1158"}],"wp:attachment":[{"href":"https:\/\/funpro.agrif.bg.ac.rs\/index.php?rest_route=%2Fwp%2Fv2%2Fmedia&parent=1153"}],"curies":[{"name":"wp","href":"https:\/\/api.w.org\/{rel}","templated":true}]}}