{"id":135,"date":"2022-05-17T13:43:22","date_gmt":"2022-05-17T11:43:22","guid":{"rendered":"https:\/\/funproproject.wordpress.com\/?page_id=135"},"modified":"2022-06-16T12:13:29","modified_gmt":"2022-06-16T12:13:29","slug":"mirjana-pesic","status":"publish","type":"page","link":"https:\/\/funpro.agrif.bg.ac.rs\/?page_id=135","title":{"rendered":"Dr. Mirjana Pe\u0161i\u0107"},"content":{"rendered":"\n<hr class=\"wp-block-separator aligncenter has-text-color has-background has-accent-background-color has-accent-color has-alpha-channel-opacity is-style-wide\"\/>\n\n\n\n<div class=\"wp-container-7 wp-block-group alignfull\"><div class=\"wp-block-group__inner-container\">\n<div class=\"wp-block-jetpack-layout-grid alignfull column1-desktop-grid__span-4 column1-desktop-grid__row-1 column2-desktop-grid__span-8 column2-desktop-grid__start-5 column2-desktop-grid__row-1 column1-tablet-grid__span-3 column1-tablet-grid__row-1 column2-tablet-grid__span-5 column2-tablet-grid__start-4 column2-tablet-grid__row-1 column1-mobile-grid__span-4 column1-mobile-grid__row-1 column2-mobile-grid__span-4 column2-mobile-grid__row-2\">\n<div class=\"wp-block-jetpack-layout-grid-column wp-block-jetpack-layout-grid__padding-none\">\n<figure class=\"wp-block-image size-large is-resized is-style-circle-mask\"><img loading=\"lazy\" src=\"https:\/\/funpro.agrif.bg.ac.rs\/wp-content\/uploads\/2022\/05\/pesic-slika-2.jpg?w=839\" alt=\"\" class=\"wp-image-138\" width=\"224\" height=\"273\"\/><figcaption><strong>Dr. Mirjana Pe\u0161i\u0107<\/strong><\/figcaption><\/figure>\n\n\n\n<div class=\"wp-container-1 wp-block-group\">\n<p><a href=\"mailto:mpesic@agrif.bg.ac.rs\">mpesic@agrif.bg.ac.rs<\/a><\/p>\n<\/div>\n\n\n\n<div class=\"wp-container-3 wp-block-group has-small-font-size\">\n<div class=\"wp-container-2 wp-block-group\"><div class=\"wp-block-group__inner-container\">\n<p class=\"has-text-align-justify has-small-font-size\"><strong>Academic title<\/strong>:&nbsp;Full Professor<\/p>\n\n\n\n<p class=\"has-small-font-size\"><strong>Principal investigator (PI)<\/strong><\/p>\n\n\n\n<p class=\"has-text-align-justify has-small-font-size\"><strong>Date of birth:<\/strong> 22. December 1971, Belgrade, Serbia<\/p>\n\n\n\n<p class=\"has-text-align-justify has-small-font-size\"><strong>Institution: <\/strong>University of Belgrade, Faculty of Agriculture, Institute of Food Technology and Biochemistry, Department of Chemistry and Biochemistry (SRO acronym: AGRIF), &nbsp;Nemanjina 6, 11080 Belgrade, Serbia<\/p>\n<\/div><\/div>\n<\/div>\n\n\n\n<div style=\"height:45px\" aria-hidden=\"true\" class=\"wp-block-spacer\"><\/div>\n\n\n\n<div class=\"wp-container-4 wp-block-group\">\n<figure class=\"wp-block-image size-large is-resized is-style-rounded\"><a href=\"https:\/\/www.scopus.com\/authid\/detail.uri?authorId=14831667100\" target=\"_blank\" rel=\"noreferrer noopener\"><img loading=\"lazy\" src=\"https:\/\/funpro.agrif.bg.ac.rs\/wp-content\/uploads\/2022\/05\/scopus-logo.png?w=256\" alt=\"\" class=\"wp-image-147\" width=\"38\" height=\"38\"\/><\/a><\/figure>\n\n\n\n<figure class=\"wp-block-image size-large is-resized\"><a href=\"https:\/\/orcid.org\/0000-0001-9779-1686\" target=\"_blank\" rel=\"noreferrer noopener\"><img loading=\"lazy\" src=\"https:\/\/funpro.agrif.bg.ac.rs\/wp-content\/uploads\/2022\/05\/orcid_id.svg_.png?w=1024\" alt=\"\" class=\"wp-image-148\" width=\"39\" height=\"39\"\/><\/a><\/figure>\n\n\n\n<figure class=\"wp-block-image size-large is-resized\"><a href=\"https:\/\/www.researchgate.net\/profile\/Mirjana-Pesic\" target=\"_blank\" rel=\"noreferrer noopener\"><img loading=\"lazy\" src=\"https:\/\/funpro.agrif.bg.ac.rs\/wp-content\/uploads\/2022\/05\/1200px-researchgate_icon_svg.svg_.png?w=1024\" alt=\"\" class=\"wp-image-150\" width=\"39\" height=\"39\"\/><\/a><\/figure>\n\n\n\n<figure class=\"wp-block-image size-large is-resized is-style-rounded\"><a href=\"https:\/\/publons.com\/researcher\/1266271\/mirjana-pesic\/\" target=\"_blank\" rel=\"noreferrer noopener\"><img loading=\"lazy\" src=\"https:\/\/funpro.agrif.bg.ac.rs\/wp-content\/uploads\/2022\/05\/blue_white_shadow.png?w=552\" alt=\"\" class=\"wp-image-151\" width=\"38\" height=\"38\"\/><\/a><\/figure>\n<\/div>\n<\/div>\n\n\n\n<div class=\"wp-block-jetpack-layout-grid-column wp-block-jetpack-layout-grid__padding-none\">\n<div class=\"wp-container-5 wp-block-group\"><div class=\"wp-block-group__inner-container\">\n<p class=\"has-text-align-justify\">Dr. Mirjana Pe\u0161i\u0107 is the Full Professor at the Institute of Food Technology and Biochemistry of the AGRIF. She earned BSc in Food Technology (1996) and MSc (2003) in Biochemistry in Food Technology at the Faculty of Agriculture, University of Belgrade and&nbsp; PhD in Biochemistry (2011), Faculty of Chemistry, University of Belgrade. The scientific research is focused on food constituents, biochemical transformation during food processing, bioactive compounds of food, functional and techno-functional properties of food, food digestion, and knowledge transfer to the food industry. She is author and co-author of more than 200 scientific papers in total (80 peer-reviewed articles and 4 chapters), two technical solutions, 3 university textbooks, 2 student handbooks and 2 Strategic Research and Innovation Agenda. Her articles have been cited more than 1300 times, h-index is 20 (Scopus data base). She held several invited lectures at international workshops and international congresses\/conferences. She has reviewed for more than 15 top scientific journals and was a guest editor in Biomolecules, review editor for Food Chemistry in Frontiers in Nutrition, reviewer of 2 technical solutions for the Ministry of Education, Science and Technological Development of the Republic of Serbia. She participated in 10 scientific projects governed by the Ministry of Science and Technological Development, the Republic of Serbia, and 11 international projects concerning food science and innovation in the food sector as a researcher, task\/WP leader,&nbsp;and the leader of the AGRIF team. She was in organizing and scientific committees of international congresses and president of the Scientific Committee of the UNIFood2020 and UNIFOOD2021 Conferences. She organized training workshops for traditional food producers and processors, industrial panels for SMEs on Food chain management and stakeholder workshops in a frame of TRAFOON, CAPINFOOD and SMARTCHAIN Projects.&nbsp;She is a founder and member of the Serbian Association of Food Technologists (SAFT), a member of Serbian Chemical Society, Serbian Nutrition Society, COLOSS, and she is GHI Ambassador for Serbia.&nbsp;She has engaged as a mentor of 3 PhD and 7 MSc theses and experimentally contributed to a total of 12 PhD and 6 MSc theses.<\/p>\n<\/div><\/div>\n\n\n\n<div class=\"wp-container-6 wp-block-group\"><\/div>\n<\/div>\n<\/div>\n<\/div><\/div>\n\n\n\n<div style=\"height:50px\" aria-hidden=\"true\" class=\"wp-block-spacer\"><\/div>\n\n\n\n<h4><strong><u>Awards, prizes, fellowships:<\/u><\/strong><\/h4>\n\n\n\n<div class=\"wp-container-9 wp-block-group\">\n<div class=\"wp-container-8 wp-block-group\"><div class=\"wp-block-group__inner-container\">\n<ol><li>\u201cThe best in Agrobusiness\u201d \u2013 gold medal for the master thesis at 74<sup>th<\/sup> International Agricultural Fair in Novi Sad, 2007.<\/li><li>The First Prize for a poster presentation at the 39th Croatian Dairy Experts Symposium in Opatia, 2011.<\/li><li>The second award (as a mentor of the awarded student) for the &nbsp;presentation of the paper at the 10<sup>th<\/sup> International Conference of Students of Agronomy, University of Kragujevac, Faculty of Agr\u043enomy in \u010ca\u010dak, 2017.<\/li><li>Co-author of the awarded scientific article by the Faculty of Agriculture, University of Belgrade published in the field of food science and technology for 2021 year. &nbsp;<\/li><\/ol>\n<\/div><\/div>\n<\/div>\n\n\n\n<div style=\"height:35px\" aria-hidden=\"true\" class=\"wp-block-spacer\"><\/div>\n\n\n\n<h4 class=\"has-text-align-left\"><strong><u>List of five publications relevant to the FANPRO project:<\/u><\/strong><\/h4>\n\n\n\n<div class=\"wp-container-11 wp-block-group\">\n<div class=\"wp-container-10 wp-block-group\"><div class=\"wp-block-group__inner-container\">\n<ol><li><strong>Pe\u0161i\u0107, M.B.,<\/strong> Milin\u010di\u0107, D. D., Kosti\u0107, A. \u017d., Stanisavljevic, N. S., Vukoti\u0107, G. N., Koji\u0107, M. O., Ga\u0161i\u0107, U. M., Bara\u0107, M. B., Stanojevi\u0107, S. P., Popovi\u0107, D. A., Banjac, N. R., Te\u0161i\u0107, \u017d. Lj. (2019):&nbsp; <em>In<\/em> <em>vitro<\/em> digestion of meat- and cereal-based food matrix enriched with grape extracts: How are polyphenol composition, bioaccessibility and antioxidant activity affected? <em>Food Chemistry<\/em> (IF<sub>2019<\/sub>=6.306), 284:28-44 <a rel=\"noreferrer noopener\" href=\"http:\/\/dx.doi.org\/10.1016\/j.foodchem.2019.01.107\" target=\"_blank\">http:\/\/dx.doi.org\/10.1016\/j.foodchem.2019.01.107<\/a><\/li><li><strong>Pesic, M. B.,<\/strong> Barac M. B., StanojevicS. P., Vrvic M. V. (2016): Heat-induced casein-whey protein interactions in caprine milk: whether are similar to bovine milk? In Series: Food Engineering Series, Book:<em> Emerging and Traditional Technologies for Safe, Healthy and Quality food,<strong>&nbsp; <\/strong><\/em>Nedovic V., Raspor P., Tumbas V. and Barbosa-C\u00e1novas G. (Eds.). Chapter 9. 163-175 ISBN: 978-3-319-24038-1 <a rel=\"noreferrer noopener\" href=\"https:\/\/doi.org\/10.1007\/978-3-319-24040-4_9\" target=\"_blank\">https:\/\/doi.org\/10.1007\/978-3-319-24040-4_9<\/a>&nbsp;<\/li><li>Milin\u010di\u0107 D. D., Popovi\u0107 A. D.,Levi\u0107, S. M., Kosti\u0107, A. \u017d., Te\u0161i\u0107 \u017d. Lj.&nbsp; Nedovi\u0107 V. A. and<strong> Pe\u0161i\u0107, M. B.<\/strong> (2019):Application of polyphenol-loaded nanoparticles in food industry. <em>Nanomaterials<\/em>, (IF<sub>2019<\/sub>=4.324), 9 (11): 1629&nbsp; <a rel=\"noreferrer noopener\" href=\"https:\/\/doi.org\/10.3390\/nano9111629\" target=\"_blank\">https:\/\/doi.org\/10.3390\/nano9111629<\/a><\/li><li>Stanojevic S.P., Bara\u0107, M.B., <strong>Pe\u0161i\u0107, M.B., <\/strong>Vucelic-Radovic, B.V (2020): Protein composition and textural properties of inulin-enriched tofu produced by hydrothermal process. <em>LWT <\/em>&#8211; <em>Food Science and Technology<\/em>, (ISI IF<sub>2019<\/sub>=4.006), 109309 <a rel=\"noreferrer noopener\" href=\"https:\/\/doi.org\/10.1016\/j.lwt.2020.109309\" target=\"_blank\">https:\/\/doi.org\/10.1016\/j.lwt.2020.109309<\/a> &nbsp;<\/li><li>Milin\u010di\u0107, D.D., Kosti\u0107, A. \u017d., \u0160pirovi\u0107 Trifunovi\u0107, B. D., Te\u0161i\u0107, \u017d. Lj., Tosti, T.B., Drami\u0107anin, A. M., Bara\u0107, M.B., <strong>Pe\u0161i\u0107. M. B. <\/strong>(2019): Grape seed flour of different grape pomaces: Fatty acid profile, soluble sugar profile and nutritional value. <em>Journal of Serbian Chemical Society<\/em> (IF<sub>2019<\/sub>=1.097) 84(0): 1-15&nbsp;&nbsp; <a rel=\"noreferrer noopener\" href=\"https:\/\/doi.org\/10.2298\/JSC190713117M\" target=\"_blank\">https:\/\/doi.org\/10.2298\/JSC190713117M<\/a>&nbsp;&nbsp;<\/li><\/ol>\n<\/div><\/div>\n<\/div>\n\n\n\n<div style=\"height:35px\" aria-hidden=\"true\" class=\"wp-block-spacer\"><\/div>\n\n\n\n<h4><strong><u><span style=\"text-decoration:underline;\">List of relevant previous projects or activities, connected to the subject of FANPRO project:<\/span><\/u><\/strong><\/h4>\n\n\n\n<div class=\"wp-container-13 wp-block-group\">\n<div class=\"wp-container-12 wp-block-group\"><div class=\"wp-block-group__inner-container\">\n<p class=\"has-text-align-justify\"><strong>2019-2021<\/strong>: Innovative health-promoting dry food matrices with enhanced functionality\u201c \u2013 PROBIBARS, EUREKA, No E!11788, 2019-2021, <strong>leader of the team<\/strong> from AGRIF<\/p>\n\n\n\n<p class=\"has-text-align-justify\"><strong>2018-2021<\/strong>: \u201cTowards innovation-driven and smart solutions in short food supply chains\u201d \u2013SMARTCHAIN, H2020, Grant agreement No. 773785, 2018-2021,<strong>hub manager and task leader<\/strong><\/p>\n\n\n\n<p class=\"has-text-align-justify\"><strong>2011-2019:<\/strong> Use of plant sources of protein, dietary fiber and antioxidants in food production, Ministry of Education Science and Technological Development of Republic of Serbia, Grant agreement No. TR 31069, <strong>WP<\/strong> <strong>leader<\/strong>.<\/p>\n\n\n\n<p class=\"has-text-align-justify\"><strong>2011-2019:<\/strong> Improvement and development of hygienic and technological procedures in the production of animal origin foodstuffs in order to obtain quality and safe products that are competitive on the world market, Ministry of Education Science and Technological Development of Republic of Serbia, Grant agreement No. III 46009, <strong>Participant<\/strong><\/p>\n\n\n\n<p class=\"has-text-align-justify\"><strong>2013-2016:<\/strong> &#8220;Traditional Food Network to improve the transfer of knowledge for innovation&#8221;\u2013 TRAFOON, FP7, Grant agreement No. 613912, 2013-2016,<strong>WP leader<\/strong><\/p>\n<\/div><\/div>\n<\/div>\n\n\n\n<div style=\"height:35px\" aria-hidden=\"true\" class=\"wp-block-spacer\"><\/div>\n","protected":false},"excerpt":{"rendered":"<p>mpesic@agrif.bg.ac.rs Academic title:&nbsp;Full Professor Principal investigator (PI) Date of birth: 22. December 1971, Belgrade, Serbia Institution: University of Belgrade, Faculty of Agriculture, Institute of Food Technology and Biochemistry, Department of Chemistry and Biochemistry (SRO acronym: AGRIF), &nbsp;Nemanjina 6, 11080 Belgrade, Serbia Dr. Mirjana Pe\u0161i\u0107 is the Full Professor at the [&hellip;]<\/p>\n","protected":false},"author":1,"featured_media":0,"parent":0,"menu_order":0,"comment_status":"closed","ping_status":"closed","template":"page-templates\/template-page-sidebar.php","meta":{"_themeisle_gutenberg_block_has_review":false},"_links":{"self":[{"href":"https:\/\/funpro.agrif.bg.ac.rs\/index.php?rest_route=\/wp\/v2\/pages\/135"}],"collection":[{"href":"https:\/\/funpro.agrif.bg.ac.rs\/index.php?rest_route=\/wp\/v2\/pages"}],"about":[{"href":"https:\/\/funpro.agrif.bg.ac.rs\/index.php?rest_route=\/wp\/v2\/types\/page"}],"author":[{"embeddable":true,"href":"https:\/\/funpro.agrif.bg.ac.rs\/index.php?rest_route=\/wp\/v2\/users\/1"}],"replies":[{"embeddable":true,"href":"https:\/\/funpro.agrif.bg.ac.rs\/index.php?rest_route=%2Fwp%2Fv2%2Fcomments&post=135"}],"version-history":[{"count":5,"href":"https:\/\/funpro.agrif.bg.ac.rs\/index.php?rest_route=\/wp\/v2\/pages\/135\/revisions"}],"predecessor-version":[{"id":742,"href":"https:\/\/funpro.agrif.bg.ac.rs\/index.php?rest_route=\/wp\/v2\/pages\/135\/revisions\/742"}],"wp:attachment":[{"href":"https:\/\/funpro.agrif.bg.ac.rs\/index.php?rest_route=%2Fwp%2Fv2%2Fmedia&parent=135"}],"curies":[{"name":"wp","href":"https:\/\/api.w.org\/{rel}","templated":true}]}}