{"id":745,"date":"2022-06-16T12:13:48","date_gmt":"2022-06-16T12:13:48","guid":{"rendered":"https:\/\/funpro.agrif.bg.ac.rs\/?page_id=745"},"modified":"2022-06-16T12:13:48","modified_gmt":"2022-06-16T12:13:48","slug":"steva-m-levic","status":"publish","type":"page","link":"https:\/\/funpro.agrif.bg.ac.rs\/?page_id=745","title":{"rendered":"Steva M. Levi\u0107"},"content":{"rendered":"\n<hr class=\"wp-block-separator has-text-color has-background has-accent-background-color has-accent-color is-style-wide\"\/>\n\n\n\n<div class=\"wp-container-8 wp-block-group alignfull\"><div class=\"wp-block-group__inner-container\">\n<div class=\"wp-block-jetpack-layout-grid alignfull column1-desktop-grid__span-4 column1-desktop-grid__row-1 column2-desktop-grid__span-8 column2-desktop-grid__start-5 column2-desktop-grid__row-1 column1-tablet-grid__span-3 column1-tablet-grid__row-1 column2-tablet-grid__span-5 column2-tablet-grid__start-4 column2-tablet-grid__row-1 column1-mobile-grid__span-4 column1-mobile-grid__row-1 column2-mobile-grid__span-4 column2-mobile-grid__row-2\">\n<div class=\"wp-block-jetpack-layout-grid-column wp-block-jetpack-layout-grid__padding-none\">\n<figure class=\"wp-block-image size-full is-style-circle-mask\"><img loading=\"lazy\" width=\"3024\" height=\"4032\" src=\"https:\/\/funpro.agrif.bg.ac.rs\/wp-content\/uploads\/2022\/06\/Steva-Levic-photography.jpg\" alt=\"\" class=\"wp-image-749\"\/><figcaption><strong>Steva M. Levi\u0107<\/strong><\/figcaption><\/figure>\n\n\n\n<div class=\"wp-container-1 wp-block-group\">\n<p><a href=\"mailto:slevic@agrif.bg.ac.rs\">slevic@agrif.bg.ac.rs<\/a><\/p>\n<\/div>\n\n\n\n<div class=\"wp-container-4 wp-block-group has-small-font-size\">\n<div class=\"wp-container-3 wp-block-group\"><div class=\"wp-block-group__inner-container\">\n<div class=\"wp-container-2 wp-block-group\"><div class=\"wp-block-group__inner-container\">\n<p class=\"has-text-align-justify has-small-font-size\"><strong>Academic title<\/strong>:&nbsp;Associate Professor<\/p>\n\n\n\n<p class=\"has-small-font-size\"><strong><strong>Team member<\/strong><\/strong><\/p>\n\n\n\n<p class=\"has-text-align-justify has-small-font-size\"><strong>Date of birth:<\/strong> 8. January 1981, Aleksandrovac, Serbia<\/p>\n\n\n\n<p class=\"has-text-align-justify has-small-font-size\"><strong>Institution: <\/strong>University of Belgrade, Faculty of Agriculture, Institute of Food Technology and Biochemistry, Department of Chemistry and Biochemistry (SRO acronym: AGRIF), &nbsp;Nemanjina 6, 11080 Belgrade, Serbia<\/p>\n<\/div><\/div>\n<\/div><\/div>\n<\/div>\n\n\n\n<div style=\"height:45px\" aria-hidden=\"true\" class=\"wp-block-spacer\"><\/div>\n\n\n\n<div class=\"wp-container-5 wp-block-group\">\n<figure class=\"wp-block-image size-large is-resized is-style-rounded\"><a href=\"https:\/\/www.scopus.com\/authid\/detail.uri?authorId=36129307100\" target=\"_blank\" rel=\"noreferrer noopener\"><img loading=\"lazy\" src=\"https:\/\/funpro.agrif.bg.ac.rs\/wp-content\/uploads\/2022\/05\/scopus-logo.png?w=256\" alt=\"\" class=\"wp-image-147\" width=\"38\" height=\"38\"\/><\/a><\/figure>\n\n\n\n<figure class=\"wp-block-image size-large is-resized\"><a href=\"https:\/\/orcid.org\/0000-0003-4039-1926\" target=\"_blank\" rel=\"noreferrer noopener\"><img loading=\"lazy\" src=\"https:\/\/funpro.agrif.bg.ac.rs\/wp-content\/uploads\/2022\/05\/orcid_id.svg_.png?w=1024\" alt=\"\" class=\"wp-image-148\" width=\"39\" height=\"39\"\/><\/a><\/figure>\n\n\n\n<figure class=\"wp-block-image size-large is-resized\"><a href=\"https:\/\/www.researchgate.net\/profile\/Steva-Levic\" target=\"_blank\" rel=\"noreferrer noopener\"><img loading=\"lazy\" src=\"https:\/\/funpro.agrif.bg.ac.rs\/wp-content\/uploads\/2022\/05\/1200px-researchgate_icon_svg.svg_.png?w=1024\" alt=\"\" class=\"wp-image-150\" width=\"39\" height=\"39\"\/><\/a><\/figure>\n\n\n\n<figure class=\"wp-block-image size-large is-resized is-style-rounded\"><a href=\"https:\/\/publons.com\/researcher\/1635617\/steva-levic\/\" target=\"_blank\" rel=\"noreferrer noopener\"><img loading=\"lazy\" src=\"https:\/\/funpro.agrif.bg.ac.rs\/wp-content\/uploads\/2022\/05\/blue_white_shadow.png?w=552\" alt=\"\" class=\"wp-image-151\" width=\"38\" height=\"38\"\/><\/a><\/figure>\n<\/div>\n<\/div>\n\n\n\n<div class=\"wp-block-jetpack-layout-grid-column wp-block-jetpack-layout-grid__padding-none\">\n<div class=\"wp-container-6 wp-block-group\"><div class=\"wp-block-group__inner-container\">\n<p class=\"has-text-align-justify\">Dr. Steva M. Levi\u0107 is the Associate Professor at the Institute of Food Technology and Biochemistry of the AGRIF. He earned BSc in Food Technology (2005) and PhD in Technological Engineering (2014), at Faculty of Agriculture, University of Belgrade. His scientific research is focused on encapsulation of food additives, fermentations, functional materials and new methods for characterization of biomaterials. He is author and co-author of more than 90 scientific papers in total (51 peer-reviewed articles and 5 chapters) and one student handbook. His articles have been cited more than 1200 times, h-index is 20 (Scopus data base). He has participated in 10 national and international scientific projects. &nbsp;He is a co-founder and member of the Serbian Association of Food Technologists.<\/p>\n<\/div><\/div>\n\n\n\n<div class=\"wp-container-7 wp-block-group\"><\/div>\n<\/div>\n<\/div>\n<\/div><\/div>\n\n\n\n<div style=\"height:50px\" aria-hidden=\"true\" class=\"wp-block-spacer\"><\/div>\n\n\n\n<h4><u><strong>Awards, prizes, fellowships:<\/strong><\/u><\/h4>\n\n\n\n<div class=\"wp-container-9 wp-block-group\"><div class=\"wp-block-group__inner-container\">\n<ol><li>Co-author of the awarded scientific article by the Faculty of Agriculture, University of Belgrade published in the field of food science and technology for 2021 year.<\/li><\/ol>\n<\/div><\/div>\n\n\n\n<div style=\"height:35px\" aria-hidden=\"true\" class=\"wp-block-spacer\"><\/div>\n\n\n\n<h4><strong><strong><u>List of five publications relevant to the FANPRO project:<\/u><\/strong><\/strong><\/h4>\n\n\n\n<div class=\"wp-container-10 wp-block-group\"><div class=\"wp-block-group__inner-container\">\n<ol><li>Sknepnek, A., Tomi\u0107, S., Mileti\u0107, D., <strong>Levi\u0107, S<\/strong>., \u010coli\u0107, M., Nedovi\u0107, M., Nik\u0161i\u0107, M. (2021). Fermentation characteristics of novel <em>Coriolus versicolor<\/em> and <em>Lentinus edodes<\/em> kombucha beverages and immunomodulatory potential of their polysaccharide extracts. <em>Food Chemistry<\/em> (IF2019=6.306), 342, 128344 <a href=\"https:\/\/doi.org\/10.1016\/j.foodchem.2020.128344\" target=\"_blank\" rel=\"noreferrer noopener\">https:\/\/doi.org\/10.1016\/j.foodchem.2020.128344<\/a><\/li><li>Miloradovic, Z., Kljajevic, N., Miocinovic, J., <strong>Levic, S<\/strong>., Pavlovic, V.B., Bla\u017ei\u0107, M., Pudja, P. (2020): Rheology and Microstructures of Rennet Gels from Differently Heated Goat Milk. <em>Foods<\/em> (IF2019=4.092), 9(3), 283 <a href=\"https:\/\/doi.org\/10.3390\/foods9030283\" target=\"_blank\" rel=\"noreferrer noopener\">https:\/\/doi.org\/10.3390\/foods9030283<\/a><\/li><li>Mileti\u0107, D., Tur\u0142o, J., Podsadni, P., Sknepnek, A., Szczepa\u0144ska, A., <strong>Levi\u0107, S<\/strong>., Nedovi\u0107, V., Nik\u0161i\u0107, M. (2020): Turkey tail medicinal mushroom, <em>Trametes versicolor<\/em> (Agaricomycetes), crude exopolysaccharides with antioxidative activity. <em>International Journal of Medicinal Mushrooms<\/em> (IF2018=1.423), 22(9), 885\u200a-895 <a href=\"https:\/\/doi.org\/10.1615\/IntJMedMushrooms.2020035877\" target=\"_blank\" rel=\"noreferrer noopener\">https:\/\/doi.org\/10.1615\/IntJMedMushrooms.2020035877<\/a><\/li><li>Sknepnek, A., Panti\u0107, M., Matija\u0161evi\u0107, D., Mileti\u0107, D., <strong>Levi\u0107, S<\/strong>., Nedovi\u0107, V., Nik\u0161i\u0107, M. (2018): Novel Kombucha Beverage from Lingzhi or Reishi Medicinal Mushroom, <em>Ganoderma lucidum<\/em>, with Antibacterial and Antioxidant Effects. <em>International Journal of Medicinal Mushrooms<\/em> (IF2018=1.423), 20(3), 243-258 <a href=\"https:\/\/doi.org\/10.1615\/IntJMedMushrooms.2018025833\" target=\"_blank\" rel=\"noreferrer noopener\">https:\/\/doi.org\/10.1615\/IntJMedMushrooms.2018025833<\/a><\/li><li>Stefanovi\u0107, A.B, Jovanovi\u0107, J.R., Doj\u010dinovi\u0107, M.B., <strong>Levi\u0107, S.M<\/strong>., Nedovi\u0107, V.A., Bugarski, B.M., Kne\u017eevi\u0107-Jugovi\u0107, Z.D. (2017): Effect of the controlled high-intensity ultrasound on improving functionality and structural changes of egg white proteins. <em>Food and Bioprocess Technology<\/em> (IF<sub>2017<\/sub>=2.998), 10 (7), 1224\u20131239 <a href=\"https:\/\/doi.org\/10.1007\/s11947-017-1884-5\" target=\"_blank\" rel=\"noreferrer noopener\">https:\/\/doi.org\/10.1007\/s11947-017-1884-5<\/a><\/li><\/ol>\n<\/div><\/div>\n\n\n\n<div style=\"height:35px\" aria-hidden=\"true\" class=\"wp-block-spacer\"><\/div>\n\n\n\n<p><strong><u>List of relevant previous projects or activities, connected to the subject of FANPRO project:<\/u><\/strong><\/p>\n\n\n\n<div class=\"wp-container-11 wp-block-group\"><div class=\"wp-block-group__inner-container\">\n<p><strong>2021-2023: <\/strong>\u201eDevelopment of health-promoting food ingredients from winemaking by- products and activated seeds\u201c- HEALTHYSEED, EUREKA, No \u0415!13299, <strong>Participant<\/strong><strong><\/strong><\/p>\n\n\n\n<p><strong>2019-2021<\/strong>: \u201eInnovative health-promoting dry food matrices with enhanced functionality\u201c \u2013 PROBIBARS, EUREKA, No E!11788, <strong>Participant<\/strong><\/p>\n\n\n\n<p><strong>2011-2019<\/strong>: National Project \u201cDevelopment and application of new and traditional technologies in the production of competitive food products with added value for European and global market- CREATE \u0410 FORTUNE OF SERBIAN ITS TREASURES\u201d, III 46001, <strong>Participant<\/strong><\/p>\n\n\n\n<p><strong>2011-2019<\/strong>: National Project \u201cDevelopment of new encapsulation and enzyme technologies for the production of biocatalysts and food biological active components in order to increase its competitiveness, quality and safety\u201d, III 46010, <strong>Participant<\/strong><\/p>\n<\/div><\/div>\n\n\n\n<div style=\"height:35px\" aria-hidden=\"true\" class=\"wp-block-spacer\"><\/div>\n","protected":false},"excerpt":{"rendered":"<p>slevic@agrif.bg.ac.rs Academic title:&nbsp;Associate Professor Team member Date of birth: 8. January 1981, Aleksandrovac, Serbia Institution: University of Belgrade, Faculty of Agriculture, Institute of Food Technology and Biochemistry, Department of Chemistry and Biochemistry (SRO acronym: AGRIF), &nbsp;Nemanjina 6, 11080 Belgrade, Serbia Dr. Steva M. Levi\u0107 is the Associate Professor at the [&hellip;]<\/p>\n","protected":false},"author":1,"featured_media":0,"parent":0,"menu_order":0,"comment_status":"closed","ping_status":"closed","template":"page-templates\/template-page-sidebar.php","meta":{"_themeisle_gutenberg_block_has_review":false},"_links":{"self":[{"href":"https:\/\/funpro.agrif.bg.ac.rs\/index.php?rest_route=\/wp\/v2\/pages\/745"}],"collection":[{"href":"https:\/\/funpro.agrif.bg.ac.rs\/index.php?rest_route=\/wp\/v2\/pages"}],"about":[{"href":"https:\/\/funpro.agrif.bg.ac.rs\/index.php?rest_route=\/wp\/v2\/types\/page"}],"author":[{"embeddable":true,"href":"https:\/\/funpro.agrif.bg.ac.rs\/index.php?rest_route=\/wp\/v2\/users\/1"}],"replies":[{"embeddable":true,"href":"https:\/\/funpro.agrif.bg.ac.rs\/index.php?rest_route=%2Fwp%2Fv2%2Fcomments&post=745"}],"version-history":[{"count":9,"href":"https:\/\/funpro.agrif.bg.ac.rs\/index.php?rest_route=\/wp\/v2\/pages\/745\/revisions"}],"predecessor-version":[{"id":755,"href":"https:\/\/funpro.agrif.bg.ac.rs\/index.php?rest_route=\/wp\/v2\/pages\/745\/revisions\/755"}],"wp:attachment":[{"href":"https:\/\/funpro.agrif.bg.ac.rs\/index.php?rest_route=%2Fwp%2Fv2%2Fmedia&parent=745"}],"curies":[{"name":"wp","href":"https:\/\/api.w.org\/{rel}","templated":true}]}}